ate the remainder when i is divided by o.
9
Suppose -2*u = -k + 40, -4*k + 151 = 5*u - 48. What is the remainder when k is divided by 10?
6
Let q be (13 + -2)/((-5)/(-35)). Let h = 0 + q. Let p = 165 - h. What is the remainder when p is divided by 13?
10
Suppose -44 - 4 = 4*o. Let q = o + 29. What is the remainder when q is divided by (6/5)/(2/5)?
2
Let w(i) = 13*i**3 - 3*i + 2. Let v be w(1). Suppose 0 = 3*b - 5*b + v. Let c(d) = d**3 - 6*d**2 + 4*d - 5. Calculate the remainder when 73 is divided by c(b).
16
What is the remainder when 1 + 0 + (-1100)/(-4) is divided by 93?
90
Suppose l + 8*l = 135. What is the remainder when 673 is divided by l?
13
What is the remainder when ((-620)/(-775))/(4/70) is divided by (-2)/7 - (-23)/7?
2
Suppose 61*q = 154 + 3506. Let y = 25 - 18. Calculate the remainder when q is divided by y.
4
Let j(o) = 3*o - 3. Let m(y) = 6*y + 5. Let d be m(6). Suppose -n + 38 + d = 0. What is the remainder when n is divided by j(10)?
25
Let d be (-189)/(-3) - 0/2. Let f = 45 - 40. Suppose -3*g - f*a + 63 = 0, 0*a - a = 3*g - d. Calculate the remainder when g is divided by 12.
9
Suppose -s - s = i - 19, 52 = 5*s + 4*i. Suppose -23 = -5*d - s. Calculate the remainder when ((-9)/6)/((-2)/20) is divided by d.
0
Suppose 8*w + 15 = -9. Calculate the remainder when 11 - (6/w + 2) is divided by -9*(-1 + 4/6).
2
Let z(n) = -n + 11. Suppose 0 = -2*g + 43 + 7. Suppose -5*d = 4*a - 33, -2*a - 4 + g = d. Calculate the remainder when z(-10) is divided by a.
9
Let w be (-16 + 15)/((2/(-6))/(-1)). Let u = w + 50. Calculate the remainder when u is divided by 10.
7
Suppose -60 = -4*o - 0*o. Suppose -18 = 2*p - 5*r, -3*r = -5*p - 0*p - 7. Suppose d + p = 5. What is the remainder when o is divided by d?
3
Suppose 6*a - 83 = -305. Let v = -19 + 6. Let j = v - a. What is the remainder when j is divided by 9?
6
Let o(m) = -m + 14. Let u be o(11). Suppose u*r - 16 = 14. Calculate the remainder when 38 is divided by r.
8
What is the remainder when (-1)/(6/(-90))*17 is divided by 8?
7
Let j(i) = 7*i - 7 - 2*i - i - 3*i. Let g be j(7). Let o(f) = f**3 + f**2 + 46. Calculate the remainder when o(g) is divided by 16.
14
Let d(v) = v**2 + v - 17. Let b be d(-8). Let j = b + -26. What is the remainder when 64 is divided by j?
12
Suppose u = -0 + 2. Suppose 0 = -2*f - o + 162, 2*o + 152 = u*f - 2*o. Suppose 2*x = -2*x + f. What is the remainder when 57 is divided by x?
17
Let n(z) = 3*z + z**2 + z - 6*z - 5*z + 6. Calculate the remainder when n(11) is divided by 9.
5
Let g(f) = -7*f + 20. Suppose 0*b - 2*b + 24 = 0. Calculate the remainder when g(-2) is divided by b.
10
Let p be ((-6)/(-1) + -5)*4. Suppose -5*t - p*g = -0*g - 235, 0 = -5*t + g + 260. Calculate the remainder when t is divided by 9.
6
Suppose -22*p = -17*p - 430. Let r = 96 - p. What is the remainder when 27 is divided by r?
7
Suppose -28 = w - 5*w. Let o = 46 + -43. Suppose 2*s = -4*j - 12, 41 = s + o*s - 5*j. What is the remainder when w is divided by s?
3
Suppose -3*u + 14 = 2*y, -17*y = u - 19*y - 10. Calculate the remainder when 436 is divided by u.
4
Let l(z) = z**2 + 15*z + 18. Let a = 1 - 15. Let p be l(a). Suppose -6*w + 2*w = 4*f - 44, 16 = -p*f. Calculate the remainder when 28 is divided by w.
13
Suppose -5*h = 3*r + 1176, -h + 83 = 5*r + 305. Let z = h - -395. What is the remainder when z is divided by 23?
20
Let m(x) = -38*x + 130. What is the remainder when m(-8) is divided by 111?
101
Let d(o) = 19*o**2 - o + 1. Let a(s) = -s**2 + 7*s - 4. Let z be a(6). Suppose z*w - w = 1. What is the remainder when 75 is divided by d(w)?
18
Calculate the remainder when 49 is divided by 138/10 - (-23)/115.
7
Let o(p) = 3*p**3 + 2*p**2 + 1. Let h be o(-3). Let s = -29 - h. Calculate the remainder when s is divided by -17*((-60)/15 + 9/3).
16
Suppose 4*d + 3*y - 41 = 25, 22 = d - 2*y. What is the remainder when 103 is divided by d?
13
What is the remainder when 95 - 43 - (2 - (2 + -4)) is divided by 13?
9
Let i(p) = -2*p**3 - 10*p**2 + 7*p + 25. Calculate the remainder when i(-7) is divided by 36.
28
Let b be (-20)/14*(3 - 10). Let n = 15 - b. Calculate the remainder when 19 is divided by n.
4
What is the remainder when 28 + -1 + 0/4 is divided by (1098/(-610))/(((-9)/10)/3)?
3
Let g = -5 - -40. Suppose 6*r - 8 = 10. Calculate the remainder when (r - -1) + 58 + 7 is divided by g.
34
Let k(y) = -34*y - 78. Calculate the remainder when 255 is divided by k(-4).
23
Let g = -36 - -40. Let r(i) = 3*i - 1. Calculate the remainder when 75 is divided by r(g).
9
Suppose -4*b + 83 = -n, 0 = -5*b - n - 30 + 145. Suppose -8*k - 45 = -181. Suppose -53 = -3*c - k. What is the remainder when b is divided by c?
10
Suppose -31*z + 338 + 933 = 0. Suppose 4*s = 5*t - 118, -2*t + 2*s + 38 = 5*s. Suppose 0*y - t = -y. Calculate the remainder when z is divided by y.
19
Let t be (12/14)/((-2)/28). Let y = 17 + t. Calculate the remainder when 23 is divided by (y + -1)/(3/6).
7
Let t(g) = g**2 + 5. Let m be t(0). Suppose 0 = m*b - 37 - 68. Calculate the remainder when b is divided by 13.
8
Let q be -6*(4 - 27/6). Suppose -q*z + 4*f = -0*z - 233, -5*z + 2*f = -365. Calculate the remainder when z is divided by 19.
14
Let t(b) = -b**3 - 9*b**2 - 3*b - 5. Let d be t(-9). What is the remainder when 2*(-6)/(-12)*3*d is divided by 18?
12
Suppose -2*b = -h + b + 33, 2*h - 62 = 4*b. What is the remainder when (-162)/(-1053) - (-1389)/13 is divided by h?
26
Suppose -5*b = u - 79, b + 253 = u + 3*u. Let j(q) = q**3 - 7*q**2 + 9*q - 7. What is the remainder when u is divided by j(6)?
9
Suppose -12*w + 1622 - 86 = 0. Calculate the remainder when w is divided by 10.
8
Let g = -50 + 82. What is the remainder when -4 + 38*((-30)/4)/(-3) is divided by g?
27
Let g(w) = -11 - 69*w + 72*w + 4. Calculate the remainder when g(4) is divided by 2.
1
Let x(s) = s - 8. Suppose -2*z + 4*z = 20. Let m be x(z). Suppose m*b = 20 + 4. Calculate the remainder when 34 is divided by b.
10
Let n(w) = w**3 - 4*w**2 - 3*w + 3. Let k = -13642 + 13755. What is the remainder when k is divided by n(5)?
9
Let q(y) = -3*y - 43. Let x be q(-14). What is the remainder when (-4)/(-16) + x + (-710)/(-8) is divided by 23?
19
Let q = 50 - 28. Suppose -3*c - 60 = 2*c. Let n = q - c. What is the remainder when n is divided by 12?
10
Let i(g) = g**2 + 16*g - 17. Let f be i(-17). Suppose f = -o + 467 + 465. What is the remainder when 40 is divided by (-8)/44 + o/44?
19
Let r(g) = 78*g + 2. Suppose 4*a = 3*h - 7*h + 4, -a = 3*h + 1. Calculate the remainder when r(a) is divided by 32.
30
Let m = -33 - -67. Suppose 126 = 29*h - 19. What is the remainder when m is divided by h?
4
Let u(y) be the second derivative of -y**5/20 - 7*y**4/6 - 2*y**3/3 + 19*y**2/2 + 32*y. Calculate the remainder when u(-14) is divided by 7.
5
Suppose -4*d = -44 + 8. Let l = -9 + 12. Suppose -l*z - 5 = -8*z, 4*u + 3*z = 15. What is the remainder when d is divided by u?
0
Let v = 292 - -97. Calculate the remainder when v is divided by 26.
25
Suppose -5*u + 149 = -5*o - 76, -5*u - 3*o = -265. Calculate the remainder when u is divided by 25.
0
Suppose 105 = -0*q + q. Suppose 0 = 11*o - 288 + 2. Let x = o - -1. Calculate the remainder when q is divided by x.
24
Suppose 5*l - 394 = 596. Calculate the remainder when l is divided by 20.
18
Suppose 16*l = 11*l + 395. What is the remainder when 473 is divided by l?
78
Suppose -3*h = -25 - 2. Calculate the remainder when 7/((-196)/(-680)) - (-44)/(-154) is divided by h.
6
Let n(t) = 10*t**2 + 3*t + 1. Suppose -5*b = -5*s + 85, -2*b - 3*b = s - 23. What is the remainder when s is divided by n(-1)?
2
Let q(m) = -11*m - 38. Let u be q(-23). Suppose u = -30*w + 35*w. Calculate the remainder when 170 is divided by w.
41
Let u = 1 - 6. Let y(d) = -4*d - 7. Suppose 4*m - 2*b = 154, -4*m - 5*b + 0*b = -147. What is the remainder when m is divided by y(u)?
12
Let c be (2 + (-6)/4)*0. Let f be ((-8)/14)/(1 - (-27)/(-21)). Suppose -35 = -a - f*y, c = 3*a + y - 45 - 40. Calculate the remainder when a is divided by 15.
12
Let s(g) = 14*g + 111*g - 20*g. Calculate the remainder when s(1) is divided by 36.
33
Let j = 83 - 54. Calculate the remainder when -48*((-6)/22 + (-6596)/3201) is divided by j.
25
Let g(y) = y**3 + 8*y**2 + 9*y + 4. Let q be (-1)/4 + (-177)/12. Le